-1 = 5*o + 7*f - 36. What is the highest common factor of o and 581?
7
Let z(q) be the first derivative of 2*q**3/3 + q**2 - 69*q - 124. Let o be z(-8). What is the greatest common divisor of o and 387?
43
Suppose 4*d - 5*h - 148 = 0, 4*h = d - 35 - 13. Suppose -f = -5*f + 128. What is the greatest common divisor of f and d?
32
Let b = -510 - -506. Let c be (38 + -12)*(-14)/b. Calculate the greatest common divisor of c and 104.
13
Let f = 12068 + -11831. What is the highest common factor of f and 81?
3
Suppose -2*k = 11 - 101. Let f = 71 + -92. Let c be 36/((-12)/(-20) + f/(-15)). Calculate the greatest common divisor of k and c.
9
Let h = 324 - -212. Suppose -8*a + 152 + h = 0. Calculate the highest common divisor of 2 and a.
2
Suppose -42*b = 9*b - 2805. What is the greatest common factor of 4895 and b?
55
Let t(h) = 7*h - 269. Let x be t(44). Suppose x*p + 40 = 59*p. What is the highest common factor of 11 and p?
1
Let a(r) = -7*r**3 - 12*r**2 + 7*r + 12. Let l be a(-3). Calculate the highest common divisor of 198 and l.
18
Let c = -3656 + 4111. Calculate the greatest common divisor of c and 1235.
65
Let t = -296 - -521. Suppose 4*y - c - t = 11, 16 = 4*c. Let z = 0 + y. What is the greatest common divisor of z and 15?
15
Suppose 2 = -w + 1, 3*k - 5*w = 11. Let m be k/(-12) - (4 - (-1202)/(-12)). What is the highest common factor of 48 and m?
48
Let n(r) = 4*r + 100. Suppose 2*h - 15 = 3*c + 6*h, -4*c = -3*h + 20. Let i be n(c). What is the greatest common factor of 720 and i?
80
Suppose 3*z - 4*v = 1256 + 300, -2*z + v = -1039. Calculate the greatest common divisor of z and 728.
104
Suppose -201*r - 3 = -200*r. Let b be (r - 1)/((-3 + -4)/1113). Calculate the greatest common factor of b and 12.
12
Let l be 2/((2/84)/(-10*11/(-330))). What is the greatest common factor of 266 and l?
14
Suppose 644*l - 858437 - 51507 = 145572. What is the greatest common divisor of l and 132?
11
Let g = 10123 + -9828. What is the greatest common divisor of g and 944?
59
Let u(g) = 230*g**2 - 8*g + 5. Let q be u(-1). Calculate the highest common factor of q and 891.
81
Let i = -15507 + 16625. What is the highest common divisor of i and 516?
86
Suppose -118*u + 346542 - 12130 = 0. Calculate the greatest common divisor of 78 and u.
26
Let v(r) = -338*r - 622. Let y(g) = -48*g - 89. Let w(l) = 6*v(l) - 44*y(l). Let i be w(10). Calculate the highest common factor of i and 16.
16
Let v be (-57)/9 + 2 + (-2)/(-6). Let w = 124 - 224. Let c be (0 + w)/(2 + v). Calculate the greatest common divisor of c and 10.
10
Let f be ((-2509)/(-2) + 1)*(-30)/(-9). Calculate the greatest common divisor of f and 45.
45
Let a be ((-12)/(-24))/(12/6216). What is the highest common divisor of a and 2368?
37
Let o(w) = -w**2 + 15*w + 34. Let r be o(14). Let k(a) = -a**3 - 5*a**2 + 45*a - 14. Let c be k(-10). Calculate the greatest common divisor of c and r.
12
Let b be (-3)/2*(-940)/6. Let g = -54508 - -54602. What is the greatest common factor of b and g?
47
Let s be 1 + 2 - (-230)/1. Let x = s + 61. Suppose p - 47 = x. Calculate the highest common divisor of 31 and p.
31
Suppose -2*m + 1142 = 2*s, -647 = -3*s + 2*m + 1031. Calculate the highest common factor of s and 156.
12
Suppose -333*p + 4484 = -28483. What is the highest common factor of p and 649?
11
Suppose n = -3*x - 3*n + 35, n - 81 = -5*x. Suppose x*h - 4021 = 3357. What is the greatest common factor of h and 14?
14
Suppose -8*t = 3*r - 11*t - 3, t = 5*r + 11. Let y(w) = -13*w + 17. Let u be y(r). What is the highest common factor of u and 56?
56
Suppose 5*r - 348 = 87. Let g = r + -80. Calculate the highest common divisor of g and 84.
7
Suppose 20*y = 17*y - 27. Let d(r) = -3*r - 25. Let g be d(y). Suppose 5*q - h = 55, g*h = -q + 16 + 6. What is the highest common divisor of 18 and q?
6
Let b be ((-36)/63)/(-1) + (-2 - 39080/(-14)). Calculate the highest common divisor of b and 9.
9
Let v = 3662 + -3574. What is the greatest common factor of v and 187?
11
Let j be (61/3)/((5/(-700))/(6/(-4))). Calculate the greatest common divisor of 175 and j.
35
Suppose 0*q = 4*q - 104. Let l(p) = 11*p - 1 - 6*p + 6*p**3 - 6*p - 4*p**3. Let m be l(2). Calculate the greatest common factor of m and q.
13
Let j = 306 + -293. Suppose 4*n = -5*f + 1609, 115 = 2*f - n - 539. Calculate the greatest common factor of j and f.
13
Let n(k) = -3*k + 29. Suppose 7*o + 760 = -o. Let z = o - -101. Let h be n(z). Calculate the highest common divisor of h and 22.
11
Suppose 690 = -22*a + 31*a + 21*a. What is the greatest common factor of a and 989?
23
Let p be (-1872)/6*(1 + 3/(-2)). Suppose -3*f = -15, 156 + 177 = -m + 4*f. Let h be 2/(-6) - m/3. What is the highest common divisor of h and p?
52
Suppose 794 = 4*v - 698. Let t = 378 - v. Calculate the greatest common divisor of t and 3.
1
Let j(x) = -15*x - 1. Let m be j(-1). Suppose 26*s + 2240 = 46*s. What is the greatest common divisor of s and m?
14
Let v be (-6)/(-4) + 4225/26. What is the greatest common factor of v and 1845?
41
Let u(l) = 7*l + 44. Let p be u(0). Let y be 8/((-2)/1)*(-242)/p. What is the greatest common factor of 242 and y?
22
Let u(x) = x**3 + 10*x**2 - 28*x - 41. Let i be u(-12). Let h be (((-243)/(-15))/(-3))/(i/(-35)). What is the greatest common factor of h and 432?
27
Let i = 24 - -31. Suppose -y = -0*y - i. Suppose -y = -2*f + 21. Calculate the highest common factor of f and 57.
19
Suppose -18*z = -15*z - 18. Suppose -7*d + 11 = -z*d. What is the highest common factor of 253 and d?
11
Let a = -568 + 2648. What is the highest common divisor of 50 and a?
10
Let g be (8 - (-16 + -6))*14. Calculate the greatest common factor of 252 and g.
84
Let o = 47 - 65. Let l be (-168)/o - 8/(-12). Let q(d) = 14*d + 6. Let z be q(6). What is the highest common divisor of l and z?
10
Suppose -2*h = -4*r + 2*h - 264, 205 = -3*r - 4*h. Let c = 5 - r. Let q(x) = 16*x**3 + 2*x - 2. Let u be q(1). What is the highest common factor of c and u?
8
Suppose 0 = 51*j + 4793 - 17492. Calculate the greatest common factor of j and 913.
83
Suppose 29*j - 94*j + 7830 = -6990. What is the greatest common divisor of 174 and j?
6
Suppose -261 - 234 = -3*a. Suppose -2*q = 4, -5*h + 2*q + 14 = -40. Let m be ((-12)/h)/((-11)/a). Calculate the highest common divisor of 18 and m.
18
Let i = 2843 - 1523. What is the highest common divisor of 396 and i?
132
Let s be -7 - ((-10868)/(-13))/(-11). What is the greatest common factor of 6141 and s?
69
Let i = -5062 - -5088. What is the greatest common divisor of i and 8450?
26
Suppose -5*b - 5*s = -3*s - 801, -2*b = 2*s - 330. Calculate the greatest common factor of 18997 and b.
157
Suppose 0 = -151*l + 159*l - 4080. What is the highest common divisor of l and 150?
30
Let y = -230 + 127. Let d = -59 - y. Let z = 165 + -77. Calculate the greatest common divisor of z and d.
44
Let h(i) = i**3 + 3*i**2 + 14*i + 2. Let x be h(8). Suppose -5*u - x = -3*u. Let c = -220 - u. What is the highest common divisor of 21 and c?
21
Let a = 33976 + -33652. Calculate the greatest common factor of a and 3942.
54
Suppose -4*j = r - 22, -3 = -j + 4*r + 11. Suppose 0 = j*x - 314 - 76. Calculate the highest common divisor of 26 and x.
13
Suppose -4*a + 0*a = -2000. Suppose 6*p + a = p. Let r = -62 - p. What is the highest common divisor of 152 and r?
38
Let d be (187/(-85) - 1)/(2/(-925)). Calculate the greatest common factor of 1440 and d.
40
Let v be (-13559)/(-65) - 4/(-10). Suppose 2*n - 23 = -3*x + 18, 0 = 4*n + x - 77. Calculate the highest common factor of n and v.
19
Let n(y) = -y**3 - 9*y**2 - 19*y - 17. Let u be n(-7). Suppose -60 = -3*r - u*x + 20*x, -4*r - 3*x + 63 = 0. What is the highest common factor of r and 234?
18
Let n be (1 + -8 - (4 + -8))*-36. Let d(k) = k**3 - 9*k**2 - 3*k - 2. Let y be d(10). Let o = -41 + y. What is the highest common factor of n and o?
27
Let b(d) = -40*d - 196. Let j be b(-30). Suppose -23*m + 6593 - j = 0. Let o(s) = -5*s + 2. Let k be o(-5). Calculate the highest common factor of m and k.
27
Suppose -5*x - 13 = b + 8, x + 13 = 2*b. Suppose 31 = a + 3*u, a = -b*u + 27 - 0. What is the greatest common divisor of a and 817?
43
Suppose -4*l = -80 - 336. Suppose 74*k + 8*f = 70*k + 184, -2*f = -4*k + 74. What is the greatest common divisor of k